617?
9
What is the hundreds digit of 5364?
3
What is the thousands digit of 8513?
8
What is the tens digit of 8827?
2
What is the thousands digit of 3151?
3
What is the hundreds digit of 153?
1
What is the units digit of 924?
4
What is the units digit of 61482?
2
What is the tens digit of 3224?
2
What is the units digit of 1214?
4
What is the hundreds digit of 9073?
0
What is the tens digit of 8734?
3
What is the thousands digit of 160434?
0
What is the units digit of 59782?
2
What is the tens digit of 13218?
1
What is the units digit of 10006?
6
What is the units digit of 985?
5
What is the tens digit of 332?
3
What is the hundreds digit of 341?
3
What is the thousands digit of 4219?
4
What is the units digit of 1025?
5
What is the hundreds digit of 2595?
5
What is the hundreds digit of 1793?
7
What is the tens digit of 2700?
0
What is the thousands digit of 75182?
5
What is the ten thousands digit of 10649?
1
What is the tens digit of 514?
1
What is the units digit of 356?
6
What is the tens digit of 237?
3
What is the hundreds digit of 2760?
7
What is the tens digit of 88085?
8
What is the units digit of 1608?
8
What is the units digit of 1541?
1
What is the thousands digit of 6568?
6
What is the units digit of 1078?
8
What is the units digit of 886?
6
What is the units digit of 9172?
2
What is the hundreds digit of 1056?
0
What is the thousands digit of 6610?
6
What is the thousands digit of 19946?
9
What is the units digit of 1535?
5
What is the ten thousands digit of 33112?
3
What is the thousands digit of 3631?
3
What is the hundreds digit of 285?
2
What is the units digit of 529?
9
What is the units digit of 46404?
4
What is the hundreds digit of 8111?
1
What is the ten thousands digit of 43274?
4
What is the units digit of 925?
5
What is the tens digit of 13272?
7
What is the hundreds digit of 16125?
1
What is the thousands digit of 1481?
1
What is the hundreds digit of 12115?
1
What is the hundreds digit of 4222?
2
What is the hundreds digit of 47861?
8
What is the tens digit of 6639?
3
What is the ten thousands digit of 10132?
1
What is the thousands digit of 1858?
1
What is the units digit of 125008?
8
What is the hundreds digit of 2387?
3
What is the thousands digit of 97154?
7
What is the hundreds digit of 33814?
8
What is the hundreds digit of 12751?
7
What is the hundreds digit of 4300?
3
What is the hundreds digit of 972?
9
What is the tens digit of 2530?
3
What is the tens digit of 88830?
3
What is the hundreds digit of 27253?
2
What is the tens digit of 42387?
8
What is the tens digit of 933?
3
What is the ten thousands digit of 29132?
2
What is the units digit of 2487?
7
What is the thousands digit of 3317?
3
What is the units digit of 9508?
8
What is the tens digit of 1209?
0
What is the hundreds digit of 47025?
0
What is the tens digit of 769?
6
What is the tens digit of 1681?
8
What is the tens digit of 2827?
2
What is the ten thousands digit of 38390?
3
What is the hundreds digit of 378?
3
What is the hundreds digit of 55497?
4
What is the thousands digit of 1361?
1
What is the hundreds digit of 4255?
2
What is the hundreds digit of 4965?
9
What is the units digit of 73118?
8
What is the units digit of 4866?
6
What is the tens digit of 3853?
5
What is the hundreds digit of 156744?
7
What is the units digit of 48422?
2
What is the tens digit of 123834?
3
What is the tens digit of 9470?
7
What is the thousands digit of 2296?
2
What is the ten thousands digit of 31340?
3
What is the units digit of 7048?
8
What is the hundreds digit of 1719?
7
What is the ten thousands digit of 188689?
8
What is the tens digit of 23957?
5
What is the units digit of 10624?
4
What is the hundreds digit of 2387?
3
What is the units digit of 828?
8
What is the tens digit of 9241?
4
What is the thousands digit of 11139?
1
What is the thousands digit of 1106?
1
What is the ten thousands digit of 15435?
1
What is the hundreds digit of 15754?
7
What is the units digit of 35571?
1
What is the hundreds digit of 387?
3
What is the ten thousands digit of 29219?
2
What is the ten thousands digit of 40753?
4
What is the tens digit of 5852?
5
What is the hundreds digit of 6939?
9
What is the thousands digit of 7287?
7
What is the hundreds digit of 1671?
6
What is the thousands digit of 21874?
1
What is the thousands digit of 1122?
1
What is the tens digit of 74027?
2
What is the thousands digit of 2458?
2
What is the tens digit of 3406?
0
What is the tens digit of 1088?
8
What is the tens digit of 1779?
7
What is the ten thousands digit of 18858?
1
What is the ten thousands digit of 84081?
8
What is the ten thousands digit of 187683?
8
What is the thousands digit of 164844?
4
What is the units digit of 1305?
5
What is the units digit of 186624?
4
What is the thousands digit of 55183?
5
What is the thousands digit of 2191?
2
What is the units digit of 88489?
9
What is the tens digit of 2575?
7
What is the tens digit of 7502?
0
What is the tens digit of 1145?
4
What is the units digit of 224?
4
What is the hundreds digit of 4900?
9
What is the tens digit of 37488?
8
What is the thousands digit of 16093?
6
What is the tens digit of 887?
8
What is the thousands digit of 55643?
5
What is the thousands digit of 2461?
2
What is the units digit of 31443?
3
What is the hundreds digit of 1738?
7
What is the thousands digit of 1846?
1
What is the tens digit of 2457?
5
What is the hundreds digit of 323?
3
What is the units digit of 87495?
5
What is the thousands digit of 183590?
3
What is the tens digit of 34062?
6
What is the tens digit of 3607?
0
What is the tens digit of 538?
3
What is the tens digit of 3824?
2
What is the thousands digit of 8967?
8
What is the tens digit of 10563?
6
What is the hundreds digit of 14956?
9
What is the units digit of 16337?
7
What is the ten thousands digit of 55298?
5
What is the thousands digit of 25894?
5
What is the hundreds digit of 19760?
7
What is the thousands digit of 3563?
3
What is the thousands digit of 18294?
8
What is the thousands digit of 1283?
1
What is the hundreds digit of 11073?
0
What is the thousands digit of 1704?
1
What is the tens digit of 2219?
1
What is the tens digit of 862?
6
What is the thousands digit of 6880?
6
What is the thousands digit of 13540?
3
What is the thousands digit of 4236?
4
What is the units digit of 1712?
2
What is the units digit of 12801?
1
What is the tens digit of 200?
0
What is the tens digit of 942?
4
What is the units digit of 2377?
7
What is the hundreds digit of 61393?
3
What is the tens digit of 2145?
4
What is the thousands digit of 12806?
2
What is the hundreds digit of 1323?
3
What is the units digit of 15187?
7
What is the units digit of 1649?
9
What is the ten thousands digit of 126148?
2
What is the hundreds digit of 429?
4
What is the thousands digit of 1159?
1
What is the tens digit of 8711?
1
What is the hundreds digit of 3536?
5
What is the tens digit of 4199?
9
What is the tens digit of 725?
2
What is the ten thousands digit of 14183?
1
What is the units digit of 9082?
2
What is the ten thousands digit of 11437?
1
What is the units digit of 1834?
4
What is the units digit of 2082?
2
What is the thousands digit of 1595?
1
What is the hundreds digit of 85601?
6
What is the units digit of 1127?
7
What is the ten thousands digit of 80611?
8
What is the hundreds digit of 193?
1
What is the thousands digit of 1364?
1
What is the hundreds digit of 2268?
2
What is the units digit of 3067?
7
What is the tens digit of 11738?
3
What is the thousands digit of 18221?
8
What is the tens digit of 1188?
8
What is the units digit of 53?
3
What is the units digit of 405?
5
What is the thousands digit of 4683?
4
What is the hundreds digit of 643?
6
What is the units digit of 267?
7
What is the tens digit of 23992?
9
What is the ten thousands digit of 16795?
1
What is the hundreds digit of 2250?
2
What is the hundreds digit of 332?
3
What is the thousands digit of 2277?
2
What is the units digit of 1300?
0
What is the hundreds digit of 1046?
0
What is the tens digit of 6858?
5
What is the units digit of 35658?
8
What is the units digit of 5135?
5
What is the thousands digit of 34072?
4
What is the tens digit of 343?
4
What is the thousands digit of 20177?
0
What is the hundreds d